{"id":4666,"date":"2018-01-08T10:47:56","date_gmt":"2018-01-08T09:47:56","guid":{"rendered":"https:\/\/afev.cat\/es\/projectes\/"},"modified":"2020-09-01T14:07:43","modified_gmt":"2020-09-01T12:07:43","slug":"proyectos","status":"publish","type":"page","link":"https:\/\/afev.cat\/es\/proyectos\/","title":{"rendered":"Proyectos"},"content":{"rendered":"<div id=\"pl-4666\"  class=\"panel-layout\" ><div id=\"pg-4666-0\"  class=\"panel-grid panel-has-style\" ><div class=\"panel-row-style panel-row-style-for-4666-0\" ><div id=\"pgc-4666-0-0\"  class=\"panel-grid-cell\" ><div id=\"panel-4666-0-0-0\" class=\"so-panel widget widget_siteorigin-panels-postloop panel-first-child panel-last-child\" data-index=\"0\" ><div class=\"projectes-loop panel-widget-style panel-widget-style-for-4666-0-0-0\" ><article class=\"col-sm-6 prothumb pthumb post-7562 projectes type-projectes status-publish has-post-thumbnail hentry\">\n\n\t<a href=\"https:\/\/afev.cat\/es\/proyectos\/entandem\/\">\n\n\t\t\t\t\t<img loading=\"lazy\" decoding=\"async\" width=\"1024\" height=\"570\" src=\"https:\/\/afev.cat\/wp-content\/uploads\/2020\/01\/Logo-entandem-web-1024x570.png\" class=\"img-responsive wp-post-image\" alt=\"\" srcset=\"https:\/\/afev.cat\/wp-content\/uploads\/2020\/01\/Logo-entandem-web-1024x570.png 1024w, https:\/\/afev.cat\/wp-content\/uploads\/2020\/01\/Logo-entandem-web-300x167.png 300w, https:\/\/afev.cat\/wp-content\/uploads\/2020\/01\/Logo-entandem-web-768x428.png 768w, https:\/\/afev.cat\/wp-content\/uploads\/2020\/01\/Logo-entandem-web-1536x855.png 1536w, https:\/\/afev.cat\/wp-content\/uploads\/2020\/01\/Logo-entandem-web-2048x1140.png 2048w\" sizes=\"auto, (max-width: 1024px) 100vw, 1024px\" \/>\t\t\n    <\/a>\n\n\t\t<header>\n\t\t\t<p> <p>enT\u00e0ndem es un proyecto de mentor\u00eda social y educativa donde una persona joven voluntaria hace de referente a un ni\u00f1o o ni\u00f1a, adolescente o joven en situaci\u00f3n de dificultad personal o social. Tambi\u00e9n es nuestra metodolog\u00eda de mentor\u00eda propia, con la que trabajamos en todos los proyectos de la entidad.  <a target=\"_blank\" href=\"http:\/\/entandem.cat\/\" rel=\"noopener noreferrer\">entandem.cat<\/a><\/p>\n<\/p>\n\t\t\t<a class=\"plus\" href=\"https:\/\/afev.cat\/es\/proyectos\/entandem\/\">+<\/a>\n\t\t<\/header>\n\n<\/article>\n<article class=\"col-sm-6 prothumb pthumb post-7565 projectes type-projectes status-publish has-post-thumbnail hentry\">\n\n\t<a href=\"https:\/\/afev.cat\/es\/proyectos\/prometeus\/\">\n\n\t\t\t\t\t<img loading=\"lazy\" decoding=\"async\" width=\"1024\" height=\"570\" src=\"https:\/\/afev.cat\/wp-content\/uploads\/2020\/02\/Logo-prometeus-web-1024x570.png\" class=\"img-responsive wp-post-image\" alt=\"\" srcset=\"https:\/\/afev.cat\/wp-content\/uploads\/2020\/02\/Logo-prometeus-web-1024x570.png 1024w, https:\/\/afev.cat\/wp-content\/uploads\/2020\/02\/Logo-prometeus-web-300x167.png 300w, https:\/\/afev.cat\/wp-content\/uploads\/2020\/02\/Logo-prometeus-web-768x428.png 768w, https:\/\/afev.cat\/wp-content\/uploads\/2020\/02\/Logo-prometeus-web-1536x855.png 1536w, https:\/\/afev.cat\/wp-content\/uploads\/2020\/02\/Logo-prometeus-web-2048x1140.png 2048w\" sizes=\"auto, (max-width: 1024px) 100vw, 1024px\" \/>\t\t\n    <\/a>\n\n\t\t<header>\n\t\t\t<p> <p>Prometeus es un programa comunitario que vela porque los j\u00f3venes de los barrios m\u00e1s vulnerables de Barcelona puedan acceder a la universidad y cursar estudios superiores con \u00e9xito. Los y las j\u00f3venes reciben acompa\u00f1amiento por parte de un equipo profesional y tambi\u00e9n por parte de mentores y mentoras.<\/p>\n<\/p>\n\t\t\t<a class=\"plus\" href=\"https:\/\/afev.cat\/es\/proyectos\/prometeus\/\">+<\/a>\n\t\t<\/header>\n\n<\/article>\n<article class=\"col-sm-6 prothumb pthumb post-10972 projectes type-projectes status-publish has-post-thumbnail hentry\">\n\n\t<a href=\"https:\/\/afev.cat\/es\/proyectos\/unimentor\/\">\n\n\t\t\t\t\t<img loading=\"lazy\" decoding=\"async\" width=\"1024\" height=\"658\" src=\"https:\/\/afev.cat\/wp-content\/uploads\/2024\/07\/logo-unimentor-blanc-1024x658.png\" class=\"img-responsive wp-post-image\" alt=\"\" srcset=\"https:\/\/afev.cat\/wp-content\/uploads\/2024\/07\/logo-unimentor-blanc-1024x658.png 1024w, https:\/\/afev.cat\/wp-content\/uploads\/2024\/07\/logo-unimentor-blanc-300x193.png 300w, https:\/\/afev.cat\/wp-content\/uploads\/2024\/07\/logo-unimentor-blanc-768x493.png 768w, https:\/\/afev.cat\/wp-content\/uploads\/2024\/07\/logo-unimentor-blanc.png 1414w\" sizes=\"auto, (max-width: 1024px) 100vw, 1024px\" \/>\t\t\n    <\/a>\n\n\t\t<header>\n\t\t\t<p> <p>UniMentor es un proyecto que contribuye a la inclusi\u00f3n y desarrollo acad\u00e9mico, personal y social de las estudiantes en situaci\u00f3n de vulnerabilidad en la universidad, a trav\u00e9s de un estudiante-mentor de cursos m\u00e1s avanzados que la acompa\u00f1a a lo largo de todo el curso acad\u00e9mico.<\/p>\n<\/p>\n\t\t\t<a class=\"plus\" href=\"https:\/\/afev.cat\/es\/proyectos\/unimentor\/\">+<\/a>\n\t\t<\/header>\n\n<\/article>\n<\/div><\/div><\/div><\/div><\/div><\/div>","protected":false},"excerpt":{"rendered":"<p>UniMentor es un proyecto que contribuye a la inclusi\u00f3n y desarrollo acad\u00e9mico, personal y social de las estudiantes en situaci\u00f3n de vulnerabilidad en la universidad, a trav\u00e9s de un estudiante-mentor de cursos m\u00e1s avanzados que la acompa\u00f1a a lo largo de todo el curso acad\u00e9mico. &nbsp; &nbsp;<\/p>\n","protected":false},"author":1,"featured_media":0,"parent":0,"menu_order":0,"comment_status":"closed","ping_status":"closed","template":"template-fullwidth.php","meta":{"inline_featured_image":false,"footnotes":""},"class_list":["post-4666","page","type-page","status-publish","hentry"],"yoast_head":"<!-- This site is optimized with the Yoast SEO plugin v27.0 - https:\/\/yoast.com\/product\/yoast-seo-wordpress\/ -->\n<title>Proyectos - AFEV<\/title>\n<meta name=\"description\" content=\"Els projectes que l&#039;AFEV du a terme a la prov\u00edncia de Barcelona s\u00f3n enT\u00e0ndem, Prometeus, ZING i KAPS. A Val\u00e8ncia desenvolupem el projecte enT\u00e0ndem.\" \/>\n<meta name=\"robots\" content=\"index, follow, max-snippet:-1, max-image-preview:large, max-video-preview:-1\" \/>\n<link rel=\"canonical\" href=\"https:\/\/afev.cat\/es\/proyectos\/\" \/>\n<meta property=\"og:locale\" content=\"es_ES\" \/>\n<meta property=\"og:type\" content=\"article\" \/>\n<meta property=\"og:title\" content=\"Proyectos - AFEV\" \/>\n<meta property=\"og:description\" content=\"Els projectes que l&#039;AFEV du a terme a la prov\u00edncia de Barcelona s\u00f3n enT\u00e0ndem, Prometeus, ZING i KAPS. A Val\u00e8ncia desenvolupem el projecte enT\u00e0ndem.\" \/>\n<meta property=\"og:url\" content=\"https:\/\/afev.cat\/es\/proyectos\/\" \/>\n<meta property=\"og:site_name\" content=\"AFEV\" \/>\n<meta property=\"article:publisher\" content=\"https:\/\/www.facebook.com\/afevcat\" \/>\n<meta property=\"article:modified_time\" content=\"2020-09-01T12:07:43+00:00\" \/>\n<meta name=\"twitter:card\" content=\"summary_large_image\" \/>\n<meta name=\"twitter:site\" content=\"@afevcat\" \/>\n<script type=\"application\/ld+json\" class=\"yoast-schema-graph\">{\"@context\":\"https:\/\/schema.org\",\"@graph\":[{\"@type\":\"WebPage\",\"@id\":\"https:\/\/afev.cat\/es\/proyectos\/\",\"url\":\"https:\/\/afev.cat\/es\/proyectos\/\",\"name\":\"Proyectos - AFEV\",\"isPartOf\":{\"@id\":\"https:\/\/afev.cat\/es\/#website\"},\"datePublished\":\"2018-01-08T09:47:56+00:00\",\"dateModified\":\"2020-09-01T12:07:43+00:00\",\"description\":\"Els projectes que l'AFEV du a terme a la prov\u00edncia de Barcelona s\u00f3n enT\u00e0ndem, Prometeus, ZING i KAPS. A Val\u00e8ncia desenvolupem el projecte enT\u00e0ndem.\",\"breadcrumb\":{\"@id\":\"https:\/\/afev.cat\/es\/proyectos\/#breadcrumb\"},\"inLanguage\":\"es\",\"potentialAction\":[{\"@type\":\"ReadAction\",\"target\":[\"https:\/\/afev.cat\/es\/proyectos\/\"]}]},{\"@type\":\"BreadcrumbList\",\"@id\":\"https:\/\/afev.cat\/es\/proyectos\/#breadcrumb\",\"itemListElement\":[{\"@type\":\"ListItem\",\"position\":1,\"name\":\"Inici\",\"item\":\"https:\/\/afev.cat\/es\/\"},{\"@type\":\"ListItem\",\"position\":2,\"name\":\"Proyectos\"}]},{\"@type\":\"WebSite\",\"@id\":\"https:\/\/afev.cat\/es\/#website\",\"url\":\"https:\/\/afev.cat\/es\/\",\"name\":\"AFEV\",\"description\":\"Voluntariat social entre joves\",\"potentialAction\":[{\"@type\":\"SearchAction\",\"target\":{\"@type\":\"EntryPoint\",\"urlTemplate\":\"https:\/\/afev.cat\/es\/?s={search_term_string}\"},\"query-input\":{\"@type\":\"PropertyValueSpecification\",\"valueRequired\":true,\"valueName\":\"search_term_string\"}}],\"inLanguage\":\"es\"}]}<\/script>\n<!-- \/ Yoast SEO plugin. -->","yoast_head_json":{"title":"Proyectos - AFEV","description":"Els projectes que l'AFEV du a terme a la prov\u00edncia de Barcelona s\u00f3n enT\u00e0ndem, Prometeus, ZING i KAPS. A Val\u00e8ncia desenvolupem el projecte enT\u00e0ndem.","robots":{"index":"index","follow":"follow","max-snippet":"max-snippet:-1","max-image-preview":"max-image-preview:large","max-video-preview":"max-video-preview:-1"},"canonical":"https:\/\/afev.cat\/es\/proyectos\/","og_locale":"es_ES","og_type":"article","og_title":"Proyectos - AFEV","og_description":"Els projectes que l'AFEV du a terme a la prov\u00edncia de Barcelona s\u00f3n enT\u00e0ndem, Prometeus, ZING i KAPS. A Val\u00e8ncia desenvolupem el projecte enT\u00e0ndem.","og_url":"https:\/\/afev.cat\/es\/proyectos\/","og_site_name":"AFEV","article_publisher":"https:\/\/www.facebook.com\/afevcat","article_modified_time":"2020-09-01T12:07:43+00:00","twitter_card":"summary_large_image","twitter_site":"@afevcat","schema":{"@context":"https:\/\/schema.org","@graph":[{"@type":"WebPage","@id":"https:\/\/afev.cat\/es\/proyectos\/","url":"https:\/\/afev.cat\/es\/proyectos\/","name":"Proyectos - AFEV","isPartOf":{"@id":"https:\/\/afev.cat\/es\/#website"},"datePublished":"2018-01-08T09:47:56+00:00","dateModified":"2020-09-01T12:07:43+00:00","description":"Els projectes que l'AFEV du a terme a la prov\u00edncia de Barcelona s\u00f3n enT\u00e0ndem, Prometeus, ZING i KAPS. A Val\u00e8ncia desenvolupem el projecte enT\u00e0ndem.","breadcrumb":{"@id":"https:\/\/afev.cat\/es\/proyectos\/#breadcrumb"},"inLanguage":"es","potentialAction":[{"@type":"ReadAction","target":["https:\/\/afev.cat\/es\/proyectos\/"]}]},{"@type":"BreadcrumbList","@id":"https:\/\/afev.cat\/es\/proyectos\/#breadcrumb","itemListElement":[{"@type":"ListItem","position":1,"name":"Inici","item":"https:\/\/afev.cat\/es\/"},{"@type":"ListItem","position":2,"name":"Proyectos"}]},{"@type":"WebSite","@id":"https:\/\/afev.cat\/es\/#website","url":"https:\/\/afev.cat\/es\/","name":"AFEV","description":"Voluntariat social entre joves","potentialAction":[{"@type":"SearchAction","target":{"@type":"EntryPoint","urlTemplate":"https:\/\/afev.cat\/es\/?s={search_term_string}"},"query-input":{"@type":"PropertyValueSpecification","valueRequired":true,"valueName":"search_term_string"}}],"inLanguage":"es"}]}},"_links":{"self":[{"href":"https:\/\/afev.cat\/es\/wp-json\/wp\/v2\/pages\/4666","targetHints":{"allow":["GET"]}}],"collection":[{"href":"https:\/\/afev.cat\/es\/wp-json\/wp\/v2\/pages"}],"about":[{"href":"https:\/\/afev.cat\/es\/wp-json\/wp\/v2\/types\/page"}],"author":[{"embeddable":true,"href":"https:\/\/afev.cat\/es\/wp-json\/wp\/v2\/users\/1"}],"replies":[{"embeddable":true,"href":"https:\/\/afev.cat\/es\/wp-json\/wp\/v2\/comments?post=4666"}],"version-history":[{"count":5,"href":"https:\/\/afev.cat\/es\/wp-json\/wp\/v2\/pages\/4666\/revisions"}],"predecessor-version":[{"id":7560,"href":"https:\/\/afev.cat\/es\/wp-json\/wp\/v2\/pages\/4666\/revisions\/7560"}],"wp:attachment":[{"href":"https:\/\/afev.cat\/es\/wp-json\/wp\/v2\/media?parent=4666"}],"curies":[{"name":"wp","href":"https:\/\/api.w.org\/{rel}","templated":true}]}}

<div id="pl-4666"  class="panel-layout" ><div id="pg-4666-0"  class="panel-grid panel-has-style" ><div class="panel-row-style panel-row-style-for-4666-0" ><div id="pgc-4666-0-0"  class="panel-grid-cell" ><div id="panel-4666-0-0-0" class="so-panel widget widget_siteorigin-panels-postloop panel-first-child panel-last-child" data-index="0" ><div class="projectes-loop panel-widget-style panel-widget-style-for-4666-0-0-0" ><article class="col-sm-6 prothumb pthumb post-7562 projectes type-projectes status-publish has-post-thumbnail hentry">

	<a href="https://afev.cat/es/proyectos/entandem/">

					<img loading="lazy" decoding="async" width="1024" height="570" src="https://afev.cat/wp-content/uploads/2020/01/Logo-entandem-web-1024x570.png" class="img-responsive wp-post-image" alt="" srcset="https://afev.cat/wp-content/uploads/2020/01/Logo-entandem-web-1024x570.png 1024w, https://afev.cat/wp-content/uploads/2020/01/Logo-entandem-web-300x167.png 300w, https://afev.cat/wp-content/uploads/2020/01/Logo-entandem-web-768x428.png 768w, https://afev.cat/wp-content/uploads/2020/01/Logo-entandem-web-1536x855.png 1536w, https://afev.cat/wp-content/uploads/2020/01/Logo-entandem-web-2048x1140.png 2048w" sizes="auto, (max-width: 1024px) 100vw, 1024px" />		
    </a>

		<header>
			<p> <p>enTàndem es un proyecto de mentoría social y educativa donde una persona joven voluntaria hace de referente a un niño o niña, adolescente o joven en situación de dificultad personal o social. También es nuestra metodología de mentoría propia, con la que trabajamos en todos los proyectos de la entidad.  <a target="_blank" href="http://entandem.cat/" rel="noopener noreferrer">entandem.cat</a></p>
</p>
			<a class="plus" href="https://afev.cat/es/proyectos/entandem/">+</a>
		</header>

</article>
<article class="col-sm-6 prothumb pthumb post-7565 projectes type-projectes status-publish has-post-thumbnail hentry">

	<a href="https://afev.cat/es/proyectos/prometeus/">

					<img loading="lazy" decoding="async" width="1024" height="570" src="https://afev.cat/wp-content/uploads/2020/02/Logo-prometeus-web-1024x570.png" class="img-responsive wp-post-image" alt="" srcset="https://afev.cat/wp-content/uploads/2020/02/Logo-prometeus-web-1024x570.png 1024w, https://afev.cat/wp-content/uploads/2020/02/Logo-prometeus-web-300x167.png 300w, https://afev.cat/wp-content/uploads/2020/02/Logo-prometeus-web-768x428.png 768w, https://afev.cat/wp-content/uploads/2020/02/Logo-prometeus-web-1536x855.png 1536w, https://afev.cat/wp-content/uploads/2020/02/Logo-prometeus-web-2048x1140.png 2048w" sizes="auto, (max-width: 1024px) 100vw, 1024px" />		
    </a>

		<header>
			<p> <p>Prometeus es un programa comunitario que vela porque los jóvenes de los barrios más vulnerables de Barcelona puedan acceder a la universidad y cursar estudios superiores con éxito. Los y las jóvenes reciben acompañamiento por parte de un equipo profesional y también por parte de mentores y mentoras.</p>
</p>
			<a class="plus" href="https://afev.cat/es/proyectos/prometeus/">+</a>
		</header>

</article>
<article class="col-sm-6 prothumb pthumb post-10972 projectes type-projectes status-publish has-post-thumbnail hentry">

	<a href="https://afev.cat/es/proyectos/unimentor/">

					<img loading="lazy" decoding="async" width="1024" height="658" src="https://afev.cat/wp-content/uploads/2024/07/logo-unimentor-blanc-1024x658.png" class="img-responsive wp-post-image" alt="" srcset="https://afev.cat/wp-content/uploads/2024/07/logo-unimentor-blanc-1024x658.png 1024w, https://afev.cat/wp-content/uploads/2024/07/logo-unimentor-blanc-300x193.png 300w, https://afev.cat/wp-content/uploads/2024/07/logo-unimentor-blanc-768x493.png 768w, https://afev.cat/wp-content/uploads/2024/07/logo-unimentor-blanc.png 1414w" sizes="auto, (max-width: 1024px) 100vw, 1024px" />		
    </a>

		<header>
			<p> <p>UniMentor es un proyecto que contribuye a la inclusión y desarrollo académico, personal y social de las estudiantes en situación de vulnerabilidad en la universidad, a través de un estudiante-mentor de cursos más avanzados que la acompaña a lo largo de todo el curso académico.</p>
</p>
			<a class="plus" href="https://afev.cat/es/proyectos/unimentor/">+</a>
		</header>

</article>
</div></div></div></div></div></div>

<p>UniMentor es un proyecto que contribuye a la inclusión y desarrollo académico, personal y social de las estudiantes en situación de vulnerabilidad en la universidad, a través de un estudiante-mentor de cursos más avanzados que la acompaña a lo largo de todo el curso académico. &nbsp; &nbsp;</p>

<!-- This site is optimized with the Yoast SEO plugin v27.0 - https://yoast.com/product/yoast-seo-wordpress/ -->
<title>Proyectos - AFEV</title>
<meta name="description" content="Els projectes que l&#039;AFEV du a terme a la província de Barcelona són enTàndem, Prometeus, ZING i KAPS. A València desenvolupem el projecte enTàndem." />
<meta name="robots" content="index, follow, max-snippet:-1, max-image-preview:large, max-video-preview:-1" />
<link rel="canonical" href="https://afev.cat/es/proyectos/" />
<meta property="og:locale" content="es_ES" />
<meta property="og:type" content="article" />
<meta property="og:title" content="Proyectos - AFEV" />
<meta property="og:description" content="Els projectes que l&#039;AFEV du a terme a la província de Barcelona són enTàndem, Prometeus, ZING i KAPS. A València desenvolupem el projecte enTàndem." />
<meta property="og:url" content="https://afev.cat/es/proyectos/" />
<meta property="og:site_name" content="AFEV" />
<meta property="article:publisher" content="https://www.facebook.com/afevcat" />
<meta property="article:modified_time" content="2020-09-01T12:07:43+00:00" />
<meta name="twitter:card" content="summary_large_image" />
<meta name="twitter:site" content="@afevcat" />
<script type="application/ld+json" class="yoast-schema-graph">{"@context":"https://schema.org","@graph":[{"@type":"WebPage","@id":"https://afev.cat/es/proyectos/","url":"https://afev.cat/es/proyectos/","name":"Proyectos - AFEV","isPartOf":{"@id":"https://afev.cat/es/#website"},"datePublished":"2018-01-08T09:47:56+00:00","dateModified":"2020-09-01T12:07:43+00:00","description":"Els projectes que l'AFEV du a terme a la província de Barcelona són enTàndem, Prometeus, ZING i KAPS. A València desenvolupem el projecte enTàndem.","breadcrumb":{"@id":"https://afev.cat/es/proyectos/#breadcrumb"},"inLanguage":"es","potentialAction":[{"@type":"ReadAction","target":["https://afev.cat/es/proyectos/"]}]},{"@type":"BreadcrumbList","@id":"https://afev.cat/es/proyectos/#breadcrumb","itemListElement":[{"@type":"ListItem","position":1,"name":"Inici","item":"https://afev.cat/es/"},{"@type":"ListItem","position":2,"name":"Proyectos"}]},{"@type":"WebSite","@id":"https://afev.cat/es/#website","url":"https://afev.cat/es/","name":"AFEV","description":"Voluntariat social entre joves","potentialAction":[{"@type":"SearchAction","target":{"@type":"EntryPoint","urlTemplate":"https://afev.cat/es/?s={search_term_string}"},"query-input":{"@type":"PropertyValueSpecification","valueRequired":true,"valueName":"search_term_string"}}],"inLanguage":"es"}]}</script>
<!-- / Yoast SEO plugin. -->

Els projectes que l'AFEV du a terme a la província de Barcelona són enTàndem, Prometeus, ZING i KAPS. A València desenvolupem el projecte enTàndem.
