{"version":"1.0","provider_name":"AFEV","provider_url":"https:\/\/afev.cat\/es\/","author_name":"adminTandem","author_url":"https:\/\/afev.cat\/es\/author\/admintandem\/","title":"Democratizar la universidad - AFEV","type":"rich","width":600,"height":338,"html":"<blockquote class=\"wp-embedded-content\" data-secret=\"ijuacslXkC\"><a href=\"https:\/\/afev.cat\/es\/democratizar-la-universidad\/\">Democratizar la universidad<\/a><\/blockquote><iframe sandbox=\"allow-scripts\" security=\"restricted\" src=\"https:\/\/afev.cat\/es\/democratizar-la-universidad\/embed\/#?secret=ijuacslXkC\" width=\"600\" height=\"338\" title=\"\u00abDemocratizar la universidad\u00bb \u2014 AFEV\" data-secret=\"ijuacslXkC\" frameborder=\"0\" marginwidth=\"0\" marginheight=\"0\" scrolling=\"no\" class=\"wp-embedded-content\"><\/iframe><script type=\"text\/javascript\">\n\/* <![CDATA[ *\/\n\/*! This file is auto-generated *\/\n!function(d,l){\"use strict\";l.querySelector&&d.addEventListener&&\"undefined\"!=typeof URL&&(d.wp=d.wp||{},d.wp.receiveEmbedMessage||(d.wp.receiveEmbedMessage=function(e){var t=e.data;if((t||t.secret||t.message||t.value)&&!\/[^a-zA-Z0-9]\/.test(t.secret)){for(var s,r,n,a=l.querySelectorAll('iframe[data-secret=\"'+t.secret+'\"]'),o=l.querySelectorAll('blockquote[data-secret=\"'+t.secret+'\"]'),c=new RegExp(\"^https?:$\",\"i\"),i=0;i<o.length;i++)o[i].style.display=\"none\";for(i=0;i<a.length;i++)s=a[i],e.source===s.contentWindow&&(s.removeAttribute(\"style\"),\"height\"===t.message?(1e3<(r=parseInt(t.value,10))?r=1e3:~~r<200&&(r=200),s.height=r):\"link\"===t.message&&(r=new URL(s.getAttribute(\"src\")),n=new URL(t.value),c.test(n.protocol))&&n.host===r.host&&l.activeElement===s&&(d.top.location.href=t.value))}},d.addEventListener(\"message\",d.wp.receiveEmbedMessage,!1),l.addEventListener(\"DOMContentLoaded\",function(){for(var e,t,s=l.querySelectorAll(\"iframe.wp-embedded-content\"),r=0;r<s.length;r++)(t=(e=s[r]).getAttribute(\"data-secret\"))||(t=Math.random().toString(36).substring(2,12),e.src+=\"#?secret=\"+t,e.setAttribute(\"data-secret\",t)),e.contentWindow.postMessage({message:\"ready\",secret:t},\"*\")},!1)))}(window,document);\n\/\/# sourceURL=https:\/\/afev.cat\/wp-includes\/js\/wp-embed.min.js\n\/* ]]> *\/\n<\/script>\n","thumbnail_url":"https:\/\/afev.cat\/wp-content\/uploads\/2020\/02\/AnaGarrido_OlgaBlanco.jpg","thumbnail_width":1600,"thumbnail_height":900,"description":"Olga es veterinaria\u00a0y voluntaria en AFEV.\u00a0Ana\u00a0hace 2\u00ba de bachillerato y el a\u00f1o que viene quiere estudiar Veterinaria en la UAB. El jueves pasado quedaron, Olga le cont\u00f3 su experiencia en la universidad, le ense\u00f1\u00f3 el\u00a0laboratorio\u00a0donde hace investigaci\u00f3n como doctoranda y luego fueron a la\u00a0cl\u00ednica veterinaria\u00a0donde trabaja, en Barcelona. Ana aprovech\u00f3 para hacerle todas las preguntas &hellip;"}

Olga es veterinaria y voluntaria en AFEV. Ana hace 2º de bachillerato y el año que viene quiere estudiar Veterinaria en la UAB. El jueves pasado quedaron, Olga le contó su experiencia en la universidad, le enseñó el laboratorio donde hace investigación como doctoranda y luego fueron a la clínica veterinaria donde trabaja, en Barcelona. Ana aprovechó para hacerle todas las preguntas &hellip;
